divided by 152.
97
Calculate the remainder when 44872 is divided by 359.
356
What is the remainder when 159765 is divided by 634?
631
What is the remainder when 1708 is divided by 833?
42
What is the remainder when 865430 is divided by 171?
170
What is the remainder when 2344 is divided by 264?
232
Calculate the remainder when 8646 is divided by 267.
102
What is the remainder when 18249 is divided by 169?
166
Calculate the remainder when 8988 is divided by 562.
558
What is the remainder when 1121139 is divided by 58?
57
Calculate the remainder when 689548 is divided by 150.
148
What is the remainder when 4715 is divided by 71?
29
Calculate the remainder when 18605 is divided by 25.
5
Calculate the remainder when 69417 is divided by 18.
9
What is the remainder when 125726 is divided by 3?
2
What is the remainder when 45897 is divided by 85?
82
What is the remainder when 23134 is divided by 4540?
434
Calculate the remainder when 4139 is divided by 201.
119
Calculate the remainder when 10954 is divided by 24.
10
Calculate the remainder when 19849 is divided by 13.
11
What is the remainder when 3933 is divided by 1877?
179
Calculate the remainder when 2004 is divided by 640.
84
Calculate the remainder when 46783 is divided by 592.
15
Calculate the remainder when 158929 is divided by 17652.
61
Calculate the remainder when 2941269 is divided by 178.
175
What is the remainder when 6663 is divided by 371?
356
Calculate the remainder when 3962 is divided by 1975.
12
Calculate the remainder when 15176 is divided by 7582.
12
What is the remainder when 17937 is divided by 46?
43
Calculate the remainder when 9284 is divided by 276.
176
What is the remainder when 9239 is divided by 9221?
18
Calculate the remainder when 5007 is divided by 251.
238
What is the remainder when 384 is divided by 181?
22
What is the remainder when 14754 is divided by 1053?
12
Calculate the remainder when 14004 is divided by 1554.
18
What is the remainder when 7639 is divided by 18?
7
Calculate the remainder when 57607 is divided by 42.
25
What is the remainder when 27680 is divided by 27608?
72
Calculate the remainder when 34766 is divided by 94.
80
What is the remainder when 4546 is divided by 66?
58
Calculate the remainder when 39537 is divided by 15.
12
What is the remainder when 10490 is divided by 4534?
1422
What is the remainder when 146085 is divided by 699?
693
Calculate the remainder when 253641 is divided by 253625.
16
Calculate the remainder when 83755 is divided by 423.
1
Calculate the remainder when 5223 is divided by 1123.
731
What is the remainder when 1567 is divided by 317?
299
What is the remainder when 4408 is divided by 2190?
28
What is the remainder when 15243 is divided by 3802?
35
What is the remainder when 12581 is divided by 449?
9
Calculate the remainder when 28522 is divided by 12.
10
Calculate the remainder when 3316 is divided by 133.
124
Calculate the remainder when 10443 is divided by 2603.
31
Calculate the remainder when 11172 is divided by 53.
42
Calculate the remainder when 135682 is divided by 30.
22
Calculate the remainder when 38820 is divided by 617.
566
Calculate the remainder when 4586 is divided by 2.
0
Calculate the remainder when 33680 is divided by 263.
16
Calculate the remainder when 29482 is divided by 9821.
19
Calculate the remainder when 320494 is divided by 1214.
1212
Calculate the remainder when 10478 is divided by 39.
26
What is the remainder when 1228964 is divided by 1594?
1584
What is the remainder when 4942 is divided by 13?
2
Calculate the remainder when 92240 is divided by 50.
40
What is the remainder when 2780 is divided by 35?
15
Calculate the remainder when 32507 is divided by 4.
3
What is the remainder when 1335 is divided by 655?
25
What is the remainder when 2797 is divided by 25?
22
What is the remainder when 954 is divided by 114?
42
What is the remainder when 467 is divided by 356?
111
Calculate the remainder when 1162 is divided by 6.
4
What is the remainder when 9567 is divided by 31?
19
What is the remainder when 5605751 is divided by 30?
11
Calculate the remainder when 7805 is divided by 7395.
410
What is the remainder when 71656 is divided by 18?
16
What is the remainder when 9585 is divided by 1215?
1080
Calculate the remainder when 7594 is divided by 669.
235
What is the remainder when 43122 is divided by 21446?
230
What is the remainder when 16995 is divided by 859?
674
What is the remainder when 456 is divided by 222?
12
What is the remainder when 410679 is divided by 83?
78
Calculate the remainder when 6978 is divided by 1744.
2
Calculate the remainder when 13090 is divided by 1005.
25
Calculate the remainder when 43541 is divided by 70.
1
What is the remainder when 144466 is divided by 7?
0
Calculate the remainder when 20736 is divided by 145.
1
What is the remainder when 5270 is divided by 1007?
235
What is the remainder when 28172 is divided by 825?
122
Calculate the remainder when 12224 is divided by 20.
4
What is the remainder when 7932 is divided by 20?
12
Calculate the remainder when 1460316 is divided by 18722.
0
What is the remainder when 1098117 is divided by 2068?
9
What is the remainder when 2094632 is divided by 23?
22
What is the remainder when 512 is divided by 103?
100
Calculate the remainder when 280331 is divided by 584.
11
Calculate the remainder when 146074 is divided by 444.
442
Calculate the remainder when 32377 is divided by 46.
39
What is the remainder when 49321 is divided by 91?
90
What is the remainder when 1803 is divided by 303?
288
Calculate the remainder when 391618 is divided by 915.
913
Calculate the remainder when 10961 is divided by 813.
392
What is the remainder when 4861 is divided by 122?
103
What is the remainder when 1113500 is divided by 42?
38
What is the remainder when 950515 is divided by 123?
94
Calculate the remainder when 89277 is divided by 257.
98
Calculate the remainder when 1505 is divided by 47.
1
What is the remainder when 13158 is divided by 2098?
570
Calculate the remainder when 217344 is divided by 238.
50
What is the remainder when 1765 is divided by 308?
225
What is the remainder when 2933 is divided by 916?
185
What is the remainder when 13574 is divided by 6777?
20
Calculate the remainder when 13566 is divided by 833.
238
Calculate the remainder when 6789 is divided by 3367.
55
Calculate the remainder when 6703 is divided by 267.
28
What is the remainder when 9557 is divided by 2467?
2156
What is the remainder when 1563 is divided by 143?
133
Calculate the remainder when 14243 is divided by 13943.
300
Calculate the remainder when 18265 is divided by 8889.
487
What is the remainder when 332111 is divided by 36899?
20
What is the remainder when 32505 is divided by 878?
19
What is the remainder when 3896 is divided by 1296?
8
What is the remainder when 39270 is divided by 13069?
63
Calculate the remainder when 3597 is divided by 702.
87
What is the remainder when 5191 is divided by 48?
7
What is the remainder when 11982 is divided by 4?
2
Calculate the remainder when 2133 is divided by 521.
49
What is the remainder when 11415 is divided by 92?
7
What is the remainder when 24542 is divided by 118?
116
Calculate the remainder when 1987 is divided by 64.
3
Calculate the remainder when 124426 is divided by 59.
54
Calculate the remainder when 170871 is divided by 11.
8
What is the remainder when 471865 is divided by 46?
43
What is the remainder when 305360 is divided by 76326?
56
Calculate the remainder when 137285 is divided by 106.
15
Calculate the remainder when 15654 is divided by 5123.
285
Calculate the remainder when 1224 is divided by 767.
457
What is the remainder when 16049 is divided by 3209?
4
Calculate the remainder when 12558 is divided by 304.
94
Calculate the remainder when 1722217 is divided by 47.
43
What is the remainder when 3076288 is divided by 30?
28
Calculate the remainder when 6615 is divided by 1382.
1087
Calculate the remainder when 42305 is divided by 21139.
27
What is the remainder when 398 is divided by 243?
155
Calculate the remainder when 46032 is divided by 506.
492
Calculate the remainder when 22570 is divided by 175.
170
Calculate the remainder when 3513 is divided by 14.
13
What is the remainder when 542234 is divi